 is the remainder when 698 is divided by 141?
134
Calculate the remainder when 700 is divided by 79.
68
What is the remainder when 784 is divided by 252?
28
What is the remainder when 268 is divided by 72?
52
Calculate the remainder when 259 is divided by 130.
129
What is the remainder when 261 is divided by 25?
11
Calculate the remainder when 1058 is divided by 14.
8
What is the remainder when 252 is divided by 8?
4
What is the remainder when 543 is divided by 21?
18
Calculate the remainder when 462 is divided by 114.
6
Calculate the remainder when 518 is divided by 5.
3
Calculate the remainder when 184 is divided by 22.
8
What is the remainder when 486 is divided by 136?
78
Calculate the remainder when 56 is divided by 19.
18
Calculate the remainder when 737 is divided by 95.
72
What is the remainder when 1342 is divided by 6?
4
Calculate the remainder when 527 is divided by 45.
32
Calculate the remainder when 6342 is divided by 69.
63
Calculate the remainder when 2203 is divided by 105.
103
What is the remainder when 1040 is divided by 58?
54
What is the remainder when 1379 is divided by 20?
19
Calculate the remainder when 1640 is divided by 86.
6
Calculate the remainder when 209 is divided by 43.
37
Calculate the remainder when 313 is divided by 17.
7
Calculate the remainder when 545 is divided by 91.
90
Calculate the remainder when 791 is divided by 53.
49
What is the remainder when 1223 is divided by 196?
47
Calculate the remainder when 106 is divided by 56.
50
Calculate the remainder when 140 is divided by 3.
2
What is the remainder when 1658 is divided by 17?
9
Calculate the remainder when 123 is divided by 6.
3
Calculate the remainder when 77 is divided by 20.
17
Calculate the remainder when 329 is divided by 36.
5
What is the remainder when 406 is divided by 123?
37
Calculate the remainder when 1104 is divided by 7.
5
Calculate the remainder when 119 is divided by 61.
58
What is the remainder when 231 is divided by 26?
23
Calculate the remainder when 2801 is divided by 74.
63
Calculate the remainder when 99 is divided by 20.
19
What is the remainder when 4455 is divided by 46?
39
Calculate the remainder when 64 is divided by 17.
13
Calculate the remainder when 1782 is divided by 85.
82
What is the remainder when 3417 is divided by 228?
225
What is the remainder when 182 is divided by 8?
6
What is the remainder when 520 is divided by 17?
10
What is the remainder when 8965 is divided by 38?
35
Calculate the remainder when 1331 is divided by 97.
70
What is the remainder when 426 is divided by 24?
18
What is the remainder when 5397 is divided by 1078?
7
Calculate the remainder when 488 is divided by 16.
8
Calculate the remainder when 101 is divided by 21.
17
Calculate the remainder when 251 is divided by 23.
21
Calculate the remainder when 3226 is divided by 215.
1
What is the remainder when 1398 is divided by 28?
26
What is the remainder when 331 is divided by 197?
134
What is the remainder when 1424 is divided by 25?
24
What is the remainder when 62 is divided by 6?
2
What is the remainder when 147 is divided by 10?
7
Calculate the remainder when 1586 is divided by 10.
6
What is the remainder when 130 is divided by 22?
20
Calculate the remainder when 720 is divided by 7.
6
What is the remainder when 1136 is divided by 96?
80
Calculate the remainder when 272 is divided by 89.
5
What is the remainder when 541 is divided by 26?
21
What is the remainder when 274 is divided by 10?
4
Calculate the remainder when 608 is divided by 47.
44
What is the remainder when 982 is divided by 953?
29
What is the remainder when 101 is divided by 3?
2
What is the remainder when 1076 is divided by 535?
6
What is the remainder when 5103 is divided by 11?
10
What is the remainder when 859 is divided by 123?
121
What is the remainder when 31 is divided by 12?
7
What is the remainder when 666 is divided by 28?
22
What is the remainder when 79 is divided by 45?
34
Calculate the remainder when 607 is divided by 43.
5
Calculate the remainder when 346 is divided by 24.
10
What is the remainder when 277 is divided by 9?
7
What is the remainder when 13 is divided by 8?
5
Calculate the remainder when 398 is divided by 21.
20
Calculate the remainder when 66 is divided by 10.
6
What is the remainder when 102 is divided by 55?
47
Calculate the remainder when 374 is divided by 367.
7
What is the remainder when 167 is divided by 35?
27
Calculate the remainder when 131 is divided by 61.
9
Calculate the remainder when 6415 is divided by 93.
91
Calculate the remainder when 84 is divided by 28.
0
What is the remainder when 18757 is divided by 354?
349
Calculate the remainder when 5207 is divided by 275.
257
Calculate the remainder when 648 is divided by 81.
0
Calculate the remainder when 789 is divided by 113.
111
What is the remainder when 1280 is divided by 633?
14
What is the remainder when 1151 is divided by 46?
1
What is the remainder when 769 is divided by 22?
21
What is the remainder when 634 is divided by 32?
26
What is the remainder when 331 is divided by 29?
12
Calculate the remainder when 1588 is divided by 18.
4
Calculate the remainder when 426 is divided by 7.
6
Calculate the remainder when 7628 is divided by 24.
20
What is the remainder when 312 is divided by 156?
0
What is the remainder when 971 is divided by 45?
26
What is the remainder when 58 is divided by 11?
3
What is the remainder when 522 is divided by 21?
18
Calculate the remainder when 349 is divided by 47.
20
Calculate the remainder when 560 is divided by 67.
24
Calculate the remainder when 73 is divided by 16.
9
Calculate the remainder when 4032 is divided by 17.
3
Calculate the remainder when 69 is divided by 35.
34
What is the remainder when 1657 is divided by 544?
25
Calculate the remainder when 78 is divided by 61.
17
What is the remainder when 5958 is divided by 19?
11
What is the remainder when 2263 is divided by 27?
22
Calculate the remainder when 149 is divided by 17.
13
Calculate the remainder when 123 is divided by 35.
18
Calculate the remainder when 129 is divided by 5.
4
What is the remainder when 249 is divided by 40?
9
Calculate the remainder when 988 is divided by 142.
136
What is the remainder when 183 is divided by 47?
42
Calculate the remainder when 442 is divided by 221.
0
What is the remainder when 232 is divided by 59?
55
Calculate the remainder when 156 is divided by 16.
12
What is the remainder when 443 is divided by 41?
33
What is the remainder when 6173 is divided by 98?
97
Calculate the remainder when 1719 is divided by 43.
42
What is the remainder when 963 is divided by 165?
138
Calculate the remainder when 1025 is divided by 197.
40
What is the remainder when 843 is divided by 43?
26
Calculate the remainder when 766 is divided by 48.
46
What is the remainder when 1577 is divided by 93?
89
Calculate the remainder when 370 is divided by 187.
183
Calculate the remainder when 28764 is divided by 129.
126
What is the remainder when 205 is divided by 62?
19
What is the remainder when 44 is divided by 32?
12
What is the remainder when 962 is divided by 18?
8
What is the remainder when 420 is divided by 209?
2
What is the remainder when 341 is divided by 86?
83
What is the remainder when 114 is divided by 9?
6
Calculate the remainder when 1160 is divided by 265.
100
Calculate the remainder when 64 is divided by 15.
4
Calculate the remainder when 146 is divided by 29.
1
Calculate the remainder when 211 is divided by 72.
67
Calculate the remainder when 19682 is divided by 76.
74
Calculate the remainder when 128 is divided by 4.
0
What is the remainder when 568 is divided by 180?
28
Calculate the remainder when 66 is divided by 14.
10
What is the remainder when 1267 is divided by 211?
1
What is the remainder when 490 is divided by 97?
5
Calculate the remainder when 68 is divided by 30.
8
Calculate the remainder when 1077 is divided by 24.
21
What is the remainder when 514 is divided by 509?
5
What is the remainder when 1476 is divided by 17?
14
What is the remainder when 939 is divided by 232?
11
Calculate the remainder when 1165 is divided by 234.
229
What is the remainder when 301 is divided by 73?
9
What is the remainder when 232 is divided by 40?
32
What is the remainder whe